03. Let t be p(-41). Calculate the greatest common factor of 11 and t.
11
Let f(z) = -3*z - 17. Let n = 18 + -40. Let x be f(n). What is the highest common factor of x and 14?
7
Let v = 64 - -8. Let q be (26/(-4))/((-6)/v). What is the greatest common factor of q and 546?
78
Let m = 2 + 1. Let b be 1161/129*44/6. Calculate the greatest common factor of m and b.
3
Let d(z) = -3*z**2 - 128*z + 1226. Let i be d(-50). Suppose 72 = 3*q + q. Calculate the highest common divisor of i and q.
18
Let p be (-25 + (0 - -1))*(-255 - -253). What is the greatest common factor of p and 704?
16
Suppose -625*p = -620*p + 2*b - 18223, 18222 = 5*p + 3*b. Calculate the greatest common divisor of 20 and p.
5
Suppose 2736 = -40*v - 64*v + 161*v. What is the highest common factor of v and 5532?
12
Let x(l) = -l**3 + 11*l**2 + 16*l - 28. Let k be x(12). Let q be 6*k - 0/(-2). Let s = q - -80. Calculate the greatest common divisor of s and 25.
25
Let f(a) = 20*a**2 + 22*a - 1092. Let k be f(21). What is the highest common factor of k and 63?
63
Suppose -245*y = -261*y + 2816. Calculate the highest common divisor of 4400 and y.
176
Let b = -7506 - -7526. Calculate the greatest common factor of 14680 and b.
20
Suppose -149 = -5*q + 161. Let c = 1393 - 835. What is the highest common divisor of c and q?
62
Let t = 5201 + -4521. What is the greatest common factor of t and 40?
40
Let k be 201/9 - 4/(-6). Let j be 2/6 - (-405909)/918*4/7. Calculate the greatest common factor of j and k.
23
Suppose -1852380 = -239*m - 263*m. Calculate the highest common factor of 656 and m.
82
Suppose -80*o + 33*o + 1457 = 0. Let r(n) = -6*n + 1. Let a be r(2). Let t = o - a. Calculate the highest common factor of t and 28.
14
Suppose -23*m + 2122 = 673. Calculate the greatest common divisor of 9156 and m.
21
Let b(g) = -920*g + 5104. Let w be b(0). What is the greatest common factor of w and 116?
116
Suppose 35*l - 47*l = -132. Suppose -2*s - 4*s + 1518 = 0. Calculate the greatest common factor of s and l.
11
Let y(t) = 8600*t**2 - 39*t - 25. Let w be y(-1). What is the highest common factor of w and 354?
118
Let i = -12201 - -12793. What is the highest common divisor of i and 56?
8
Suppose 2*s = -h - 21 + 133, 5*s - 109 = -h. Let v = h + -113. Let c = 17 + -8. Calculate the greatest common factor of c and v.
1
Let p(s) = 10*s**3. Let d be p(1). Let q be 8238/48 + -2 + (-366)/(-976). Calculate the highest common factor of q and d.
10
Let l be 3 + 2178/14 + 9/21. Let h = -288 - -341. What is the greatest common divisor of h and l?
53
Let m = -7385 - -7392. What is the highest common factor of 8778 and m?
7
Suppose 17*q = -43*q + 8441 + 2359. What is the highest common factor of q and 1680?
60
Let i(p) = -1 - 286*p + 4*p**2 + 281*p - 2*p**2. Let k be i(3). Suppose k*m - 281 = -0*q - 5*q, -2*q - m = -113. What is the highest common factor of q and 55?
55
Let h(g) = 41*g - 202. Let r(t) = -13*t + 67. Let f(q) = -2*h(q) - 7*r(q). Let d be f(9). What is the greatest common factor of 16 and d?
16
Let h(l) = l**2 + 31*l + 90. Let c be h(-28). Suppose c*q + 616 = 3406. Calculate the greatest common divisor of 15 and q.
15
Suppose -3*x = 3*v - 51, x + 3*x + 16 = 0. Let u(h) = -h**3 - 193*h**2 - 193*h - 24. Let z be u(-192). Calculate the highest common factor of z and v.
21
Let m(i) = -i**2 + 65*i + 3944. Let t be m(87). Calculate the greatest common divisor of 40 and t.
10
Let g(u) = -13*u**2 - 54*u - 2. Let s be g(-4). Let d(f) = 24*f - 166. Let c be d(7). Calculate the greatest common divisor of c and s.
2
Let r be -1*(13/52 + (-505)/4). Calculate the highest common divisor of 322 and r.
14
Suppose 3*y + 3*j = -0*y + 10008, 0 = 4*y - 4*j - 13312. Calculate the greatest common divisor of y and 4.
4
Let q = 275 + -275. Let k be (-2)/1 + (9 - 1) - q. What is the highest common factor of 22 and k?
2
Let k be (-56)/(-35) - (13468/(-70) + 12). Calculate the highest common divisor of k and 644.
14
Suppose 0 = -t - 10*t - 682. Let b = t + 31. Let m = b - -51. Calculate the greatest common factor of m and 4.
4
Let f = -109 - -112. Let p(w) = 2*w**3 - 3*w**2 - 2*w + 9. Let x be p(f). Let c = 220 + -70. What is the highest common factor of c and x?
30
Let z(n) = 129*n - 57. Let s be z(1). Let b be (-60)/(-2 - (-16)/12). What is the highest common factor of b and s?
18
Suppose 69*y = 3*y + 33733 + 69755. Calculate the greatest common divisor of 280 and y.
56
Let g be ((-24)/15)/(4/310). Suppose -8*d = -11*d + 12, 2*d - 551 = -3*i. Let o = i + g. What is the greatest common factor of o and 19?
19
Let c = 84695 - 84647. Let a(u) = 14*u**2 - u - 3. Let j be a(3). What is the highest common divisor of j and c?
24
Let z(p) = 239*p**2 + 35*p + 59. Let h be z(-2). What is the greatest common factor of 3 and h?
3
Let h be (22*(-5)/(-110))/(2 + (-17385)/8694). Calculate the greatest common factor of 1071 and h.
63
Let g be (-1)/(2/(8/2 - 10)). Suppose -g*k = -u - 118, u + 3*u - 208 = -5*k. Calculate the highest common factor of 310 and k.
10
Let n be 9/(45/2519) - -2*(-1)/(-10). What is the highest common factor of 552 and n?
24
Suppose 526 = 4*s + 5*l, -272 = -2*s - 222*l + 224*l. Calculate the greatest common factor of s and 32.
2
Let h(s) = -3*s - 22. Let k = 176 + -99. Suppose 0 = -4*c + 13 - k. Let l be h(c). What is the greatest common divisor of 13 and l?
13
Let n(d) = d**3 + 3*d**2 - 60*d - 6. Suppose 35 = -5*l + 2*v, -4*l - 10*v + 8*v = 46. Let s be n(l). What is the highest common divisor of 156 and s?
12
Suppose -d = -2*r - 3*d - 200, -2*d = -2*r - 192. Let f = -70 - r. What is the highest common divisor of f and 28?
28
Let w be (-472406)/(-981) + (-14)/9. Calculate the greatest common divisor of 140 and w.
20
Let a be (-15)/(-6)*-4*(-3)/6. Let z be (-800)/a + 2/(-1). Let g = -96 - z. What is the greatest common divisor of 22 and g?
22
Suppose 4 = -4*z - 3*o + 5*o, -3*z = -4*o + 13. Suppose 0*h + 5*h = 5. Calculate the greatest common divisor of h and z.
1
Let n(r) = 4*r - 46. Let v be n(11). Let o(y) = -18*y - 14. Let u be o(v). What is the greatest common factor of u and 143?
11
Let p(m) = -8*m**2 + 3*m - 16. Let w be p(8). Let l = w + 514. What is the highest common factor of 205 and l?
5
Let r = 11 - 3. Suppose r*w = 9*w - 5. Suppose -26 = -t - w. What is the highest common divisor of t and 3?
3
Let h be (125/70)/((-5)/(-50)) + 1/7. Calculate the highest common divisor of 498 and h.
6
Let o(f) = f**3 - 40*f**2 - 41*f + 74. Let g be o(41). Suppose -3*h + 1231 = -g. What is the highest common divisor of h and 58?
29
Let n(i) = -i**2 - 31*i + 232. Let t be n(6). Calculate the greatest common factor of 530 and t.
10
Let c be (-2)/10*2 - (-522)/(-145) - -169. Let o(y) = 25*y**2 - y + 1. Let u be o(2). What is the greatest common divisor of c and u?
33
Let q = 58 - 46. Let n be ((-10)/7)/((-11)/231). What is the highest common factor of q and n?
6
Suppose -98*k + 181575 = -71*k. What is the greatest common factor of 1883 and k?
269
Suppose -3*l + 5*v + 14 = -42, 0 = 2*v - 4. What is the highest common factor of 1034 and l?
22
Let a be 74/6 + -4*(-1)/6*1. Calculate the highest common factor of 3991 and a.
13
Suppose 3*r - 534 = 5*a, 9*a - 8*a = -4*r + 758. What is the highest common factor of 1739 and r?
47
Suppose 104*o = 28*o + 19836. What is the highest common divisor of 45 and o?
9
Let y be (-1 - 1) + 5/1. Suppose z + y*z = 4. Suppose -l - 725 = -732. What is the greatest common factor of z and l?
1
Suppose 38*k = 41*k. Suppose k = -8*n + 7742 + 2482. What is the highest common factor of n and 18?
18
Suppose 3*i - 14*i = -220. Suppose 4*v = 4*n - 104, i = -27*v + 23*v. Calculate the greatest common divisor of n and 6.
3
Let p(v) = v**3 + 13*v**2 + 20*v - 9. Let y be p(-11). Suppose y*u - 1838 - 853 = 0. What is the highest common factor of u and 27?
9
Suppose d + 46 = 220. Let s(a) = 1167*a - 84018. Let x be s(72). Calculate the highest common divisor of d and x.
6
Suppose 83*q = 3258 - 270. What is the highest common divisor of 153 and q?
9
Let w be (-6 - -3) + 15 + 813. Calculate the highest common divisor of 132 and w.
33
Let w(a) = a**3 - 13*a**2 - 16*a + 14. Let m be w(14). Let n be (-30)/m*2/(-5)*-7. Calculate the greatest common factor of 48 and n.
6
Let d be (-325)/(4/((-204)/85)). Calculate th